369
What are the prime factors of 18129847?
18129847
What are the prime factors of 716534805?
3, 5, 7, 6824141
What are the prime factors of 541596005?
5, 113, 958577
List the prime factors of 14550133.
13, 1119241
List the prime factors of 2648745122.
2, 19, 37, 137, 13751
What are the prime factors of 872156002?
2, 103, 4233767
List the prime factors of 90591966.
2, 3, 223, 7523
List the prime factors of 723646385.
5, 7, 11, 1879601
List the prime factors of 662358539.
17, 38962267
List the prime factors of 2085475571.
2085475571
List the prime factors of 1029723912.
2, 3, 7, 37, 55219
List the prime factors of 552951405.
3, 5, 43, 285763
What are the prime factors of 25069198?
2, 7, 11, 162787
List the prime factors of 46972687.
89, 139, 3797
What are the prime factors of 3254845334?
2, 13, 29, 4316771
List the prime factors of 26398572.
2, 3, 23, 101, 947
List the prime factors of 4451561.
397, 11213
List the prime factors of 558915456.
2, 3, 11, 23, 523
What are the prime factors of 395139135?
3, 5, 26342609
List the prime factors of 46669205.
5, 11, 848531
List the prime factors of 87234059.
11, 29, 151, 1811
What are the prime factors of 230418377?
7, 19, 1732469
What are the prime factors of 12967401?
3, 4322467
What are the prime factors of 52332187?
479, 109253
List the prime factors of 135591886.
2, 659, 102877
List the prime factors of 2127502840.
2, 5, 53187571
What are the prime factors of 933372677?
933372677
What are the prime factors of 412822080?
2, 3, 5, 11, 83, 157
What are the prime factors of 1232296704?
2, 3, 534851
What are the prime factors of 4446414?
2, 3, 7, 1307
What are the prime factors of 2901111711?
3, 967037237
What are the prime factors of 2229835119?
3, 23, 79, 409069
What are the prime factors of 9619785?
3, 5, 7, 30539
List the prime factors of 4652685.
3, 5, 103393
List the prime factors of 78100329.
3, 17, 1531379
What are the prime factors of 80288986?
2, 113, 355261
What are the prime factors of 76279517?
76279517
What are the prime factors of 459403830?
2, 3, 5, 43, 118709
List the prime factors of 338505062.
2, 7, 1871, 12923
What are the prime factors of 326969472?
2, 3, 23, 37021
What are the prime factors of 105939896?
2, 19, 31, 22483
List the prime factors of 3315503896.
2, 149, 2781463
List the prime factors of 20270648.
2, 139, 18229
What are the prime factors of 7668295330?
2, 5, 766829533
List the prime factors of 8106976365.
3, 5, 2027, 266633
List the prime factors of 5842294502.
2, 11, 43, 6175787
What are the prime factors of 95172418?
2, 11, 31, 53, 2633
What are the prime factors of 22028473?
22028473
List the prime factors of 1484800939.
61, 24340999
List the prime factors of 824876828.
2, 206219207
List the prime factors of 285410.
2, 5, 28541
List the prime factors of 99850376.
2, 239, 52223
What are the prime factors of 599869102?
2, 7, 19, 2255147
What are the prime factors of 1325208461?
83, 199, 80233
What are the prime factors of 479320545?
3, 5, 11, 41, 70853
List the prime factors of 158244706.
2, 29, 2728357
What are the prime factors of 5696437439?
7, 11, 23, 3216509
List the prime factors of 3009295027.
71, 42384437
List the prime factors of 2006203745.
5, 7, 13, 17, 433, 599
What are the prime factors of 14367364?
2, 11, 23, 14197
List the prime factors of 2478415114.
2, 7, 177029651
What are the prime factors of 119223999?
3, 13247111
List the prime factors of 266610076.
2, 109, 293, 2087
What are the prime factors of 2615817108?
2, 3, 43, 5069413
List the prime factors of 49496949.
3, 251, 21911
List the prime factors of 82272937.
41, 2006657
List the prime factors of 179794212.
2, 3, 13, 1152527
List the prime factors of 38679689.
37, 1045397
What are the prime factors of 1297222415?
5, 661, 392503
What are the prime factors of 34930611?
3, 1289, 3011
What are the prime factors of 473746111?
23, 1297, 15881
List the prime factors of 587286590.
2, 5, 11, 17, 59, 5323
List the prime factors of 2812758266.
2, 20411, 68903
List the prime factors of 1361664370.
2, 5, 11, 12378767
What are the prime factors of 5164323096?
2, 3, 73, 2947673
What are the prime factors of 96782495?
5, 769, 25171
What are the prime factors of 4842282167?
37, 83, 1576777
List the prime factors of 127539129.
3, 29, 641, 2287
List the prime factors of 2944188661.
2944188661
List the prime factors of 34307928.
2, 3, 29, 5477
List the prime factors of 57129671.
43, 103, 12899
List the prime factors of 45643536.
2, 3, 563
List the prime factors of 83189581.
19, 4378399
What are the prime factors of 671166893?
671166893
List the prime factors of 18296501.
53, 73, 4729
List the prime factors of 434493697.
11, 1021, 3517
What are the prime factors of 58538289?
3, 23, 79, 10739
What are the prime factors of 683957080?
2, 5, 41, 103, 4049
List the prime factors of 465716224.
2, 17, 31, 863
List the prime factors of 683008441.
10597, 64453
List the prime factors of 200781998.
2, 100390999
What are the prime factors of 530024492?
2, 163, 812921
What are the prime factors of 314229300?
2, 3, 5, 7, 11, 61, 223
List the prime factors of 71513299.
11, 13, 4133
What are the prime factors of 88332779?
88332779
List the prime factors of 1701640803.
3, 79, 7179919
What are the prime factors of 2733348952?
2, 37, 9234287
List the prime factors of 10247304.
2, 3, 426971
List the prime factors of 129979169.
129979169
List the prime factors of 46475863.
7, 948487
List the prime factors of 951653206.
2, 7, 9710747
What are the prime factors of 1140692243?
281, 4059403
List the prime factors of 2639435083.
523, 5046721
List the prime factors of 2653839.
3, 149, 1979
What are the prime factors of 896429825?
5, 47, 762919
List the prime factors of 2077075032.
2, 3, 6547, 13219
List the prime factors of 934447748.
2, 13, 17970149
List the prime factors of 94260128.
2, 43, 61, 1123
What are the prime factors of 198057877?
163, 1215079
What are the prime factors of 1046809585?
5, 233, 898549
List the prime factors of 5169315602.
2, 11, 71, 701, 4721
What are the prime factors of 134958905?
5, 997, 27073
What are the prime factors of 2463982045?
5, 7, 70399487
List the prime factors of 1165977666.
2, 3, 7, 342733
List the prime factors of 2511895240.
2, 5, 1223, 51347
What are the prime factors of 108193067?
108193067
What are the prime factors of 4863028517?
17, 73, 79, 49603
List the prime factors of 3069473674.
2, 19, 613, 131771
List the prime factors of 276466129.
89, 3106361
List the prime factors of 49527307.
17, 2913371
List the prime factors of 394654760.
2, 5, 113, 87313
What are the prime factors of 1480648750?
2, 5, 7, 169217
List the prime factors of 64465749.
3, 7162861
List the prime factors of 4268597115.
3, 5, 4493, 63337
List the prime factors of 949768789.
19, 173, 288947
What are the prime factors of 2136329187?
3, 712109729
What are the prime factors of 1071819605?
5, 821, 261101
What are the prime factors of 122246000?
2, 5, 19, 3217
What are the prime factors of 1381108632?
2, 3, 19, 3028747
List the prime factors of 79738633.
13, 419, 14639
What are the prime factors of 34933919?
34933919
List the prime factors of 27050083.
523, 51721
List the prime factors of 31613080.
2, 5, 790327
List the prime factors of 52427877.
3, 17475959
What are the prime factors of 703606721?
31, 43, 17027
List the prime factors of 2566645913.
13, 19, 10391279
What are the prime factors of 1295979070?
2, 5, 131, 347, 2851
List the prime factors of 547570635.
3, 5, 36504709
List the prime factors of 9103013.
29, 313897
What are the prime factors of 2069963393?
569, 3637897
List the prime factors of 33541552.
2, 11, 190577
List the prime factors of 2858617007.
2858617007
What are the prime factors of 2653681135?
5, 7, 75819461
What are the prime factors of 521399121?
3, 19, 23, 137, 2903
List the prime factors of 439149826.
2, 219574913
What are the prime factors of 201373566?
2, 3, 61, 73, 7537
What are the prime factors of 4497275903?
577, 7794239
What are the prime factors of 1112023699?
1112023699
What are the prime factors of 234294816?
2, 3, 7, 17, 20509
What are the prime factors of 3733927768?
2, 193, 2418347
List the prime factors of 27701748.
2, 3, 73, 83, 127
What are the prime factors of 87462704?
2, 7, 780917
W